actor of 1388 and 6?
2
What is the greatest common factor of 66 and 174?
6
What is the greatest common divisor of 682 and 620?
62
What is the greatest common factor of 162 and 126?
18
Calculate the highest common divisor of 253 and 352.
11
What is the greatest common factor of 363 and 66?
33
Calculate the highest common factor of 176 and 407.
11
What is the highest common divisor of 348 and 276?
12
Calculate the highest common factor of 126 and 441.
63
Calculate the highest common divisor of 67 and 134.
67
Calculate the greatest common divisor of 864 and 180.
36
What is the greatest common factor of 1644 and 24?
12
What is the highest common divisor of 66 and 1056?
66
What is the highest common factor of 5940 and 858?
66
What is the highest common factor of 11 and 341?
11
What is the highest common factor of 95 and 1520?
95
What is the highest common factor of 1754 and 18?
2
What is the greatest common factor of 232 and 1769?
29
What is the greatest common factor of 2184 and 336?
168
What is the greatest common factor of 414 and 99?
9
Calculate the highest common divisor of 33 and 12.
3
Calculate the greatest common divisor of 14 and 16.
2
Calculate the highest common factor of 85 and 238.
17
Calculate the greatest common factor of 31 and 93.
31
Calculate the highest common divisor of 264 and 504.
24
What is the greatest common divisor of 1 and 3?
1
Calculate the highest common divisor of 1485 and 81.
27
What is the greatest common divisor of 57 and 152?
19
Calculate the highest common divisor of 9 and 393.
3
Calculate the greatest common factor of 162 and 1242.
54
Calculate the greatest common factor of 1760 and 1936.
176
Calculate the greatest common factor of 88 and 550.
22
Calculate the greatest common divisor of 1763 and 989.
43
Calculate the highest common factor of 930 and 2418.
186
What is the highest common factor of 3 and 816?
3
What is the highest common factor of 72 and 81?
9
What is the highest common divisor of 46 and 1127?
23
Calculate the greatest common factor of 14 and 23779.
7
Calculate the greatest common factor of 84 and 126.
42
Calculate the greatest common factor of 2990 and 9269.
299
Calculate the greatest common factor of 12498 and 6.
6
Calculate the highest common divisor of 84 and 48.
12
What is the greatest common divisor of 3944 and 1276?
116
Calculate the greatest common factor of 66 and 506.
22
What is the highest common factor of 910 and 70?
70
Calculate the highest common factor of 169 and 111709.
169
Calculate the highest common divisor of 221 and 910.
13
What is the greatest common factor of 14 and 25?
1
What is the greatest common divisor of 24 and 8?
8
What is the greatest common divisor of 184 and 6164?
92
Calculate the greatest common factor of 72 and 81.
9
What is the highest common factor of 1520 and 95?
95
Calculate the greatest common factor of 85 and 34.
17
What is the greatest common divisor of 190 and 30?
10
Calculate the highest common factor of 17 and 67099.
17
Calculate the greatest common divisor of 3721 and 122.
61
What is the highest common divisor of 66 and 1122?
66
Calculate the greatest common factor of 52 and 1625.
13
What is the greatest common factor of 966 and 1656?
138
What is the highest common divisor of 45 and 1320?
15
Calculate the greatest common factor of 27 and 72.
9
Calculate the greatest common factor of 32571 and 99.
99
What is the highest common factor of 11 and 143?
11
What is the highest common factor of 14 and 21?
7
What is the greatest common factor of 10 and 105?
5
What is the greatest common divisor of 269 and 16?
1
Calculate the highest common factor of 648 and 3.
3
Calculate the greatest common factor of 413 and 7.
7
Calculate the highest common divisor of 42 and 2289.
21
Calculate the greatest common divisor of 1147 and 37.
37
What is the highest common factor of 935 and 170?
85
What is the highest common factor of 1144 and 88?
88
Calculate the greatest common factor of 7515 and 405.
45
What is the highest common divisor of 63 and 99?
9
Calculate the greatest common divisor of 169 and 52.
13
What is the greatest common factor of 340 and 5015?
85
What is the greatest common factor of 63 and 35?
7
What is the greatest common factor of 207 and 81?
9
What is the greatest common divisor of 144 and 3420?
36
Calculate the highest common divisor of 32 and 5424.
16
What is the highest common divisor of 55 and 1045?
55
What is the highest common divisor of 175 and 945?
35
What is the highest common divisor of 15 and 6395?
5
What is the highest common factor of 225 and 9?
9
Calculate the highest common factor of 28 and 10.
2
Calculate the greatest common divisor of 192 and 1216.
64
Calculate the highest common factor of 2109 and 38.
19
Calculate the highest common divisor of 8 and 50.
2
What is the highest common factor of 32454 and 72?
18
Calculate the highest common divisor of 37 and 259.
37
Calculate the highest common factor of 4851 and 27.
9
What is the highest common factor of 540 and 3285?
45
What is the highest common divisor of 6086 and 102?
34
Calculate the greatest common factor of 552 and 69.
69
Calculate the greatest common divisor of 105 and 3120.
15
What is the highest common divisor of 65255 and 155?
155
Calculate the greatest common factor of 399 and 114.
57
Calculate the greatest common factor of 63376 and 272.
272
What is the greatest common divisor of 18 and 441?
9
What is the greatest common divisor of 455 and 728?
91
What is the greatest common factor of 14 and 10?
2
What is the highest common divisor of 95 and 65?
5
What is the highest common factor of 352 and 11?
11
What is the highest common factor of 344 and 86?
86
What is the highest common factor of 368 and 112?
16
Calculate the highest common divisor of 60 and 1644.
12
What is the greatest common factor of 12 and 5436?
12
What is the greatest common divisor of 237 and 6?
3
Calculate the highest common factor of 135 and 81.
27
What is the greatest common divisor of 189 and 35?
7
Calculate the greatest common factor of 6 and 727.
1
What is the greatest common divisor of 14408 and 8?
8
What is the greatest common factor of 2442 and 18?
6
What is the greatest common divisor of 16 and 38?
2
What is the greatest common divisor of 98 and 1218?
14
Calculate the greatest common factor of 129 and 3.
3
What is the greatest common factor of 2132 and 52?
52
What is the greatest common factor of 161 and 92?
23
What is the greatest common divisor of 1682 and 58?
58
What is the greatest common factor of 708 and 12?
12
What is the greatest common divisor of 112 and 1204?
28
What is the highest common factor of 51 and 1275?
51
What is the greatest common factor of 135 and 45?
45
Calculate the highest common factor of 10 and 1470.
10
What is the greatest common factor of 4350 and 232?
58
Calculate the highest common factor of 2430 and 36.
18
What is the greatest common factor of 1570 and 10?
10
What is the highest common divisor of 970 and 30?
10
Calculate the highest common divisor of 60 and 4.
4
What is the highest common divisor of 36 and 1053?
9
Calculate the highest common factor of 1185 and 10.
5
Calculate the highest common divisor of 2224 and 16.
16
What is the highest common factor of 15 and 2595?
15
Calculate the highest common factor of 84 and 63.
21
What is the highest common factor of 2981 and 22?
11
What is the greatest common divisor of 777 and 651?
21
What is the greatest common factor of 270 and 2550?
30
What is the highest common factor of 495 and 605?
55
What is the greatest common divisor of 10 and 120?
10
Calculate the highest common divisor of 442 and 68.
34
Calculate the highest common factor of 4282 and 2.
2
What is the highest common factor of 49 and 308?
7
Calculate the greatest common divisor of 1080 and 1566.
54
Calculate the highest common divisor of 96 and 432.
48
What is the greatest common factor of 22 and 4400?
22
Calculate the greatest common factor of 29 and 1363.
29
What is the highest common divisor of 1326 and 20995?
221
What is the highest common factor of 126 and 162?
18
What is the greatest common divisor of 351 and 104?
13
What is the greatest common factor of 8 and 1112?
8
Calculate the greatest common factor of 145 and 3.
1
Calculate the highest common divisor of 1003